{"id":183,"date":"2014-12-04T17:12:29","date_gmt":"2014-12-04T17:12:29","guid":{"rendered":"http:\/\/www.streetpepper.de\/blog\/?page_id=183"},"modified":"2014-12-16T09:19:08","modified_gmt":"2014-12-16T09:19:08","slug":"story000","status":"publish","type":"page","link":"https:\/\/www.streetpepper.de\/blog\/story000\/","title":{"rendered":"Story 000"},"content":{"rendered":"<p><a href=\"https:\/\/www.streetpepper.de\/blog\/wenn-es-so-richtig-kalt-wird-auf-den-strassen-berlins\/\" target=\"_blank\"><img decoding=\"async\" loading=\"lazy\" class=\"aligncenter wp-image-205 size-full\" title=\"StreetYogi, Story 000\" src=\"https:\/\/www.streetpepper.de\/blog\/wp-content\/uploads\/2014\/12\/k-DSC_8306.jpg\" alt=\"StreetYogi, Story 000\" width=\"800\" height=\"533\" srcset=\"https:\/\/www.streetpepper.de\/blog\/wp-content\/uploads\/2014\/12\/k-DSC_8306.jpg 800w, https:\/\/www.streetpepper.de\/blog\/wp-content\/uploads\/2014\/12\/k-DSC_8306-300x199.jpg 300w, https:\/\/www.streetpepper.de\/blog\/wp-content\/uploads\/2014\/12\/k-DSC_8306-600x399.jpg 600w\" sizes=\"(max-width: 800px) 100vw, 800px\" \/><\/a><\/p>\n<p><strong><span style=\"color: #9e0202;\">\u00a0<\/span><\/strong><\/p>\n<p><strong><span style=\"color: #9e0202;\">StreetYoga<br \/>\nStory 000<\/span><\/strong><\/p>\n<p>Jetzt habe ich schon eine gro\u00dfe Anzahl Besucher durch Berlin gef\u00fchrt und ihnen so allerlei Geschichten erz\u00e4hlt. Aber diese hier noch nie.<\/p>\n<p>Das mag daran liegen, dass es eine kleine Geschichte ist, aber daf\u00fcr mit einer gro\u00dfartigen Wirkung.<br \/>\nUnd ich bin sicher, jeder der sie kennt, wird ab sofort auch die Wirkung sp\u00fcren und ihr \u00fcberall in der Stadt begegnen.<\/p>\n<p>Ein Berliner Yoga Lehrer ist daf\u00fcr verantwortlich. Mit seinem Fahrrad und einer Holzleiter ist er in Berlin unterwegs und installiert hier und da&#8230; genau diese kleinen Figuren&#8230; auf den Stra\u00dfenschildern und nennt das ganze &#8222;StreetYoga&#8220;.<\/p>\n<p>Sein Name ist Josef Foos, er kommt aus Neuk\u00f6lln, genauer aus Rixdorf, hat dort ein Yoga Studio <strong><span style=\"color: #3366ff;\"><a style=\"color: #3366ff;\" title=\"Hatha Yoga Berlin\" href=\"http:\/\/www.hatha-yoga-berlin.de\" target=\"_blank\">Hatha-Yoga-Berlin<\/a><\/span><\/strong> und klebt eben diese Figuren aus Kork zusammen, l\u00e4sst sie eine Yoga-Figur machen und nennt sie deshalb auch Yogis.<br \/>\nWarum er das macht? Einfach nur um anderen eine Freude zu machen. Etwas Positives in die Welt setzen, damit DU dich freust und DEINE Wirkung auch auf andere \u00fcbergeht.<\/p>\n<p>Ist das nicht sch\u00f6n?<\/p>\n<p>Also los, schaut euch um, ihr findet sie wirklich \u201e\u00fcberall\u201c. Mir sind sie an diesen Orten bereits begegnet und ich werde weiter die Augen offen halten: Neuk\u00f6lln, Wedding, Prenzlauer Berg, Friedrichshain, Kreuzberg, Obersch\u00f6neweide, K\u00f6penick, Sch\u00f6neberg, Wilmersdorf, Mitte, Spandau, Tiergarten, Sch\u00f6neweide<\/p>\n<p>Er \u00e4rgert sich schon, wenn sie weg sind, aber dann sagt er sich: sie sind ja daf\u00fcr da anderen eine Freude zu machen. Also&#8230; Zweck erf\u00fcllt!<\/p>\n<p><strong>\u201eDas besondere an den Street-Yogis ist, da\u00df sie, obwohl im \u00f6ffentlichen Stra\u00dfenland stehend, f\u00fcr die meisten Menschen unsichtbar sind. Wenn sich Ihnen ein Street-Yogi zeigt, m\u00f6chte er Ihnen Freude und Gl\u00fcck bringen.\u201c Josef Foos<\/strong><\/p>\n<p>Das Projekt startete 2009 und mittlerweile hat er weit \u00fcber 1000 Figuren installiert.<\/p>\n<hr \/>\n<p>Diese Geschichte habe ich ausgew\u00e4hlt weil ich immer auf der Suche nach Parallelwelten bin. Gegebenheiten, die wir nicht wahrnehmen, die\u00a0aber da sind und es ein spannendes Gef\u00fchl ist in sie einzutauchen und n\u00e4her zu betrachten.<\/p>\n<p>Und&#8230; ich habe mich gleich mal f\u00fcr seinen kostenlosen t\u00e4glichen Newsletter angemeldet f\u00fcr einen <span style=\"color: #3366ff;\"><strong><a style=\"color: #3366ff;\" title=\"Newsletter 15 min\u00fctige Yoga \u00dcbungen\" href=\"http:\/\/www.hatha-yoga-berlin.de\/kontakt\/news.html\" target=\"_blank\">Newsletter<\/a><\/strong><\/span> mit einem Vorschlag zu 15 min\u00fctigen t\u00e4glichen Yoga \u00dcbungen.<\/p>\n<p>Und so sehen nun die fertigen <strong><span style=\"color: #3366ff;\"><a style=\"color: #3366ff; text-decoration: underline;\" title=\"Obdachlos in Berlin\" href=\"https:\/\/www.streetpepper.de\/blog\/obdachlos-berlin-weihnachtsessen-im-yaam-shirt-aktion\/\">Shirts zu der Story<\/a><\/span><\/strong> aus! Bei Interesse an dem Shirt, einfach eine Mail an <span style=\"text-decoration: underline;\"><strong><span style=\"color: #ff0000;\"><a style=\"color: #ff0000; text-decoration: underline;\" title=\"Shirt 000 Interessent\" href=\"mailto:info@streetpepper.de\">streetpepper<\/a><\/span><\/strong><\/span>\u00a0schicken<\/p>\n<div id=\"mygallery_wrapper_3\" class=\"clearfix gallery-img-content\"\r\n\t data-gallery-id=\"3\" data-content-per-page=\"5\"\r\n     data-rating-type=\"off\">\r\n\t<div id=\"mygallery_3\" class=\"mygallery clearfix view-justified\">\r\n\t\t\t\t<input type=\"hidden\" id=\"total\" value=\"6\"\/>\r\n\t\t\t\t\t\t\t\t\t\t\t\t<a class=\"gallery_group3\" href=\"https:\/\/www.streetpepper.de\/blog\/wp-content\/uploads\/2014\/12\/k-DSC_8386.jpg\"\r\n\t\t\t\t\t   title=\"StreetYogi Berlin\">\r\n\t\t\t\t\t\t<img id=\"wd-cl-img0\"\r\n\t\t\t\t\t\t     alt=\"StreetYogi Berlin\"\r\n\t\t\t\t\t\t     src=\"https:\/\/www.streetpepper.de\/blog\/wp-content\/uploads\/2014\/12\/k-DSC_8386.jpg\"\/>\r\n\t\t\t\t\t\t\t\t\t\t\t<\/a>\r\n\t\t\t\t\t<input type=\"hidden\" class=\"pagenum\" value=\"1\"\/>\r\n\t\t\t\t\t\t\t\t\t\t\t\t\t\t\t\t\t\t\t<a class=\"gallery_group3\" href=\"https:\/\/www.streetpepper.de\/blog\/wp-content\/uploads\/2014\/12\/k-DSC_8073.jpg\"\r\n\t\t\t\t\t   title=\"\">\r\n\t\t\t\t\t\t<img id=\"wd-cl-img1\"\r\n\t\t\t\t\t\t     alt=\"\"\r\n\t\t\t\t\t\t     src=\"https:\/\/www.streetpepper.de\/blog\/wp-content\/uploads\/2014\/12\/k-DSC_8073.jpg\"\/>\r\n\t\t\t\t\t\t\t\t\t\t\t<\/a>\r\n\t\t\t\t\t<input type=\"hidden\" class=\"pagenum\" value=\"1\"\/>\r\n\t\t\t\t\t\t\t\t\t\t\t\t\t\t\t\t\t\t\t<a class=\"gallery_group3\" href=\"https:\/\/www.streetpepper.de\/blog\/wp-content\/uploads\/2014\/12\/k-DSC_8095.jpg\"\r\n\t\t\t\t\t   title=\"\">\r\n\t\t\t\t\t\t<img id=\"wd-cl-img2\"\r\n\t\t\t\t\t\t     alt=\"\"\r\n\t\t\t\t\t\t     src=\"https:\/\/www.streetpepper.de\/blog\/wp-content\/uploads\/2014\/12\/k-DSC_8095.jpg\"\/>\r\n\t\t\t\t\t\t\t\t\t\t\t<\/a>\r\n\t\t\t\t\t<input type=\"hidden\" class=\"pagenum\" value=\"1\"\/>\r\n\t\t\t\t\t\t\t\t\t\t\t\t\t\t\t\t\t\t\t<a class=\"gallery_group3\" href=\"https:\/\/www.streetpepper.de\/blog\/wp-content\/uploads\/2014\/12\/k-DSC_8099.jpg\"\r\n\t\t\t\t\t   title=\"\">\r\n\t\t\t\t\t\t<img id=\"wd-cl-img3\"\r\n\t\t\t\t\t\t     alt=\"\"\r\n\t\t\t\t\t\t     src=\"https:\/\/www.streetpepper.de\/blog\/wp-content\/uploads\/2014\/12\/k-DSC_8099.jpg\"\/>\r\n\t\t\t\t\t\t\t\t\t\t\t<\/a>\r\n\t\t\t\t\t<input type=\"hidden\" class=\"pagenum\" value=\"1\"\/>\r\n\t\t\t\t\t\t\t\t\t\t\t\t\t\t\t\t\t\t\t<a class=\"gallery_group3\" href=\"https:\/\/www.streetpepper.de\/blog\/wp-content\/uploads\/2014\/12\/k-DSC_8169.jpg\"\r\n\t\t\t\t\t   title=\"\">\r\n\t\t\t\t\t\t<img id=\"wd-cl-img4\"\r\n\t\t\t\t\t\t     alt=\"\"\r\n\t\t\t\t\t\t     src=\"https:\/\/www.streetpepper.de\/blog\/wp-content\/uploads\/2014\/12\/k-DSC_8169.jpg\"\/>\r\n\t\t\t\t\t\t\t\t\t\t\t<\/a>\r\n\t\t\t\t\t<input type=\"hidden\" class=\"pagenum\" value=\"1\"\/>\r\n\t\t\t\t\t\t\t\t\t\t\t\t\t\t\t\t\t\t\t<a class=\"gallery_group3\" href=\"https:\/\/www.streetpepper.de\/blog\/wp-content\/uploads\/2014\/12\/k-DSC_8292.jpg\"\r\n\t\t\t\t\t   title=\"\">\r\n\t\t\t\t\t\t<img id=\"wd-cl-img5\"\r\n\t\t\t\t\t\t     alt=\"\"\r\n\t\t\t\t\t\t     src=\"https:\/\/www.streetpepper.de\/blog\/wp-content\/uploads\/2014\/12\/k-DSC_8292.jpg\"\/>\r\n\t\t\t\t\t\t\t\t\t\t\t<\/a>\r\n\t\t\t\t\t<input type=\"hidden\" class=\"pagenum\" value=\"1\"\/>\r\n\t\t\t\t\t\t\t\t\t\t\t\t\t\t\t\t\t\t\t<a class=\"gallery_group3\" href=\"https:\/\/www.streetpepper.de\/blog\/wp-content\/uploads\/2014\/12\/k-DSC_8299.jpg\"\r\n\t\t\t\t\t   title=\"\">\r\n\t\t\t\t\t\t<img id=\"wd-cl-img6\"\r\n\t\t\t\t\t\t     alt=\"\"\r\n\t\t\t\t\t\t     src=\"https:\/\/www.streetpepper.de\/blog\/wp-content\/uploads\/2014\/12\/k-DSC_8299.jpg\"\/>\r\n\t\t\t\t\t\t\t\t\t\t\t<\/a>\r\n\t\t\t\t\t<input type=\"hidden\" class=\"pagenum\" value=\"1\"\/>\r\n\t\t\t\t\t\t\t\t\t\t\t\t\t\t\t\t\t\t\t<a class=\"gallery_group3\" href=\"https:\/\/www.streetpepper.de\/blog\/wp-content\/uploads\/2014\/12\/k-DSC_8307.jpg\"\r\n\t\t\t\t\t   title=\"\">\r\n\t\t\t\t\t\t<img id=\"wd-cl-img7\"\r\n\t\t\t\t\t\t     alt=\"\"\r\n\t\t\t\t\t\t     src=\"https:\/\/www.streetpepper.de\/blog\/wp-content\/uploads\/2014\/12\/k-DSC_8307.jpg\"\/>\r\n\t\t\t\t\t\t\t\t\t\t\t<\/a>\r\n\t\t\t\t\t<input type=\"hidden\" class=\"pagenum\" value=\"1\"\/>\r\n\t\t\t\t\t\t\t\t\t\t\t\t\t\t\t\t\t\t\t<a class=\"gallery_group3\" href=\"https:\/\/www.streetpepper.de\/blog\/wp-content\/uploads\/2014\/12\/k-DSC_8313.jpg\"\r\n\t\t\t\t\t   title=\"\">\r\n\t\t\t\t\t\t<img id=\"wd-cl-img8\"\r\n\t\t\t\t\t\t     alt=\"\"\r\n\t\t\t\t\t\t     src=\"https:\/\/www.streetpepper.de\/blog\/wp-content\/uploads\/2014\/12\/k-DSC_8313.jpg\"\/>\r\n\t\t\t\t\t\t\t\t\t\t\t<\/a>\r\n\t\t\t\t\t<input type=\"hidden\" class=\"pagenum\" value=\"1\"\/>\r\n\t\t\t\t\t\t\t\t\t\t\t\t\t\t\t\t\t\t\t<a class=\"gallery_group3\" href=\"https:\/\/www.streetpepper.de\/blog\/wp-content\/uploads\/2014\/12\/k-DSC_8318.jpg\"\r\n\t\t\t\t\t   title=\"\">\r\n\t\t\t\t\t\t<img id=\"wd-cl-img9\"\r\n\t\t\t\t\t\t     alt=\"\"\r\n\t\t\t\t\t\t     src=\"https:\/\/www.streetpepper.de\/blog\/wp-content\/uploads\/2014\/12\/k-DSC_8318.jpg\"\/>\r\n\t\t\t\t\t\t\t\t\t\t\t<\/a>\r\n\t\t\t\t\t<input type=\"hidden\" class=\"pagenum\" value=\"1\"\/>\r\n\t\t\t\t\t\t\t\t\t\t\t\t\t\t\t\t\t\t\t<a class=\"gallery_group3\" href=\"https:\/\/www.streetpepper.de\/blog\/wp-content\/uploads\/2014\/12\/k-DSC_8335.jpg\"\r\n\t\t\t\t\t   title=\"\">\r\n\t\t\t\t\t\t<img id=\"wd-cl-img10\"\r\n\t\t\t\t\t\t     alt=\"\"\r\n\t\t\t\t\t\t     src=\"https:\/\/www.streetpepper.de\/blog\/wp-content\/uploads\/2014\/12\/k-DSC_8335.jpg\"\/>\r\n\t\t\t\t\t\t\t\t\t\t\t<\/a>\r\n\t\t\t\t\t<input type=\"hidden\" class=\"pagenum\" value=\"1\"\/>\r\n\t\t\t\t\t\t\t\t\t\t\t\t\t\t\t\t\t\t\t<a class=\"gallery_group3\" href=\"https:\/\/www.streetpepper.de\/blog\/wp-content\/uploads\/2014\/12\/k-DSC_8337.jpg\"\r\n\t\t\t\t\t   title=\"\">\r\n\t\t\t\t\t\t<img id=\"wd-cl-img11\"\r\n\t\t\t\t\t\t     alt=\"\"\r\n\t\t\t\t\t\t     src=\"https:\/\/www.streetpepper.de\/blog\/wp-content\/uploads\/2014\/12\/k-DSC_8337.jpg\"\/>\r\n\t\t\t\t\t\t\t\t\t\t\t<\/a>\r\n\t\t\t\t\t<input type=\"hidden\" class=\"pagenum\" value=\"1\"\/>\r\n\t\t\t\t\t\t\t\t\t\t\t\t\t\t\t\t\t\t\t<a class=\"gallery_group3\" href=\"https:\/\/www.streetpepper.de\/blog\/wp-content\/uploads\/2014\/12\/k-DSC_8341.jpg\"\r\n\t\t\t\t\t   title=\"\">\r\n\t\t\t\t\t\t<img id=\"wd-cl-img12\"\r\n\t\t\t\t\t\t     alt=\"\"\r\n\t\t\t\t\t\t     src=\"https:\/\/www.streetpepper.de\/blog\/wp-content\/uploads\/2014\/12\/k-DSC_8341.jpg\"\/>\r\n\t\t\t\t\t\t\t\t\t\t\t<\/a>\r\n\t\t\t\t\t<input type=\"hidden\" class=\"pagenum\" value=\"1\"\/>\r\n\t\t\t\t\t\t\t\t\t\t\t\t\t\t\t\t\t\t\t<a class=\"gallery_group3\" href=\"https:\/\/www.streetpepper.de\/blog\/wp-content\/uploads\/2014\/12\/k-DSC_8344.jpg\"\r\n\t\t\t\t\t   title=\"\">\r\n\t\t\t\t\t\t<img id=\"wd-cl-img13\"\r\n\t\t\t\t\t\t     alt=\"\"\r\n\t\t\t\t\t\t     src=\"https:\/\/www.streetpepper.de\/blog\/wp-content\/uploads\/2014\/12\/k-DSC_8344.jpg\"\/>\r\n\t\t\t\t\t\t\t\t\t\t\t<\/a>\r\n\t\t\t\t\t<input type=\"hidden\" class=\"pagenum\" value=\"1\"\/>\r\n\t\t\t\t\t\t\t\t\t\t\t\t\t\t\t\t\t\t\t<a class=\"gallery_group3\" href=\"https:\/\/www.streetpepper.de\/blog\/wp-content\/uploads\/2014\/12\/k-DSC_8351.jpg\"\r\n\t\t\t\t\t   title=\"\">\r\n\t\t\t\t\t\t<img id=\"wd-cl-img14\"\r\n\t\t\t\t\t\t     alt=\"\"\r\n\t\t\t\t\t\t     src=\"https:\/\/www.streetpepper.de\/blog\/wp-content\/uploads\/2014\/12\/k-DSC_8351.jpg\"\/>\r\n\t\t\t\t\t\t\t\t\t\t\t<\/a>\r\n\t\t\t\t\t<input type=\"hidden\" class=\"pagenum\" value=\"1\"\/>\r\n\t\t\t\t\t\t\t\t\t\t\t\t\t\t\t\t\t\t\t<a class=\"gallery_group3\" href=\"https:\/\/www.streetpepper.de\/blog\/wp-content\/uploads\/2014\/12\/k-DSC_8354.jpg\"\r\n\t\t\t\t\t   title=\"\">\r\n\t\t\t\t\t\t<img id=\"wd-cl-img15\"\r\n\t\t\t\t\t\t     alt=\"\"\r\n\t\t\t\t\t\t     src=\"https:\/\/www.streetpepper.de\/blog\/wp-content\/uploads\/2014\/12\/k-DSC_8354.jpg\"\/>\r\n\t\t\t\t\t\t\t\t\t\t\t<\/a>\r\n\t\t\t\t\t<input type=\"hidden\" class=\"pagenum\" value=\"1\"\/>\r\n\t\t\t\t\t\t\t\t\t\t\t\t\t\t\t\t\t\t\t<a class=\"gallery_group3\" href=\"https:\/\/www.streetpepper.de\/blog\/wp-content\/uploads\/2014\/12\/k-DSC_8374.jpg\"\r\n\t\t\t\t\t   title=\"\">\r\n\t\t\t\t\t\t<img id=\"wd-cl-img16\"\r\n\t\t\t\t\t\t     alt=\"\"\r\n\t\t\t\t\t\t     src=\"https:\/\/www.streetpepper.de\/blog\/wp-content\/uploads\/2014\/12\/k-DSC_8374.jpg\"\/>\r\n\t\t\t\t\t\t\t\t\t\t\t<\/a>\r\n\t\t\t\t\t<input type=\"hidden\" class=\"pagenum\" value=\"1\"\/>\r\n\t\t\t\t\t\t\t\t\t\t\t\t\t\t\t\t\t\t\t<a class=\"gallery_group3\" href=\"https:\/\/www.streetpepper.de\/blog\/wp-content\/uploads\/2014\/12\/k-DSC_8385.jpg\"\r\n\t\t\t\t\t   title=\"\">\r\n\t\t\t\t\t\t<img id=\"wd-cl-img17\"\r\n\t\t\t\t\t\t     alt=\"\"\r\n\t\t\t\t\t\t     src=\"https:\/\/www.streetpepper.de\/blog\/wp-content\/uploads\/2014\/12\/k-DSC_8385.jpg\"\/>\r\n\t\t\t\t\t\t\t\t\t\t\t<\/a>\r\n\t\t\t\t\t<input type=\"hidden\" class=\"pagenum\" value=\"1\"\/>\r\n\t\t\t\t\t\t\t\t\t\t\t\t\t\t\t\t\t\t\t<a class=\"gallery_group3\" href=\"https:\/\/www.streetpepper.de\/blog\/wp-content\/uploads\/2014\/12\/k-DSC_8394.jpg\"\r\n\t\t\t\t\t   title=\"\">\r\n\t\t\t\t\t\t<img id=\"wd-cl-img18\"\r\n\t\t\t\t\t\t     alt=\"\"\r\n\t\t\t\t\t\t     src=\"https:\/\/www.streetpepper.de\/blog\/wp-content\/uploads\/2014\/12\/k-DSC_8394.jpg\"\/>\r\n\t\t\t\t\t\t\t\t\t\t\t<\/a>\r\n\t\t\t\t\t<input type=\"hidden\" class=\"pagenum\" value=\"1\"\/>\r\n\t\t\t\t\t\t\t\t\t\t\t\t\t\t\t\t\t\t\t<a class=\"gallery_group3\" href=\"https:\/\/www.streetpepper.de\/blog\/wp-content\/uploads\/2014\/12\/k-DSC_8397.jpg\"\r\n\t\t\t\t\t   title=\"\">\r\n\t\t\t\t\t\t<img id=\"wd-cl-img19\"\r\n\t\t\t\t\t\t     alt=\"\"\r\n\t\t\t\t\t\t     src=\"https:\/\/www.streetpepper.de\/blog\/wp-content\/uploads\/2014\/12\/k-DSC_8397.jpg\"\/>\r\n\t\t\t\t\t\t\t\t\t\t\t<\/a>\r\n\t\t\t\t\t<input type=\"hidden\" class=\"pagenum\" value=\"1\"\/>\r\n\t\t\t\t\t\t\t\t\t\t\t\t\t\t\t\t\t\t\t<a class=\"gallery_group3\" href=\"https:\/\/www.streetpepper.de\/blog\/wp-content\/uploads\/2014\/12\/k-DSC_8408.jpg\"\r\n\t\t\t\t\t   title=\"\">\r\n\t\t\t\t\t\t<img id=\"wd-cl-img20\"\r\n\t\t\t\t\t\t     alt=\"\"\r\n\t\t\t\t\t\t     src=\"https:\/\/www.streetpepper.de\/blog\/wp-content\/uploads\/2014\/12\/k-DSC_8408.jpg\"\/>\r\n\t\t\t\t\t\t\t\t\t\t\t<\/a>\r\n\t\t\t\t\t<input type=\"hidden\" class=\"pagenum\" value=\"1\"\/>\r\n\t\t\t\t\t\t\t\t\t\t\t\t\t\t\t\t\t\t\t<a class=\"gallery_group3\" href=\"https:\/\/www.streetpepper.de\/blog\/wp-content\/uploads\/2014\/12\/k-DSC_8413.jpg\"\r\n\t\t\t\t\t   title=\"\">\r\n\t\t\t\t\t\t<img id=\"wd-cl-img21\"\r\n\t\t\t\t\t\t     alt=\"\"\r\n\t\t\t\t\t\t     src=\"https:\/\/www.streetpepper.de\/blog\/wp-content\/uploads\/2014\/12\/k-DSC_8413.jpg\"\/>\r\n\t\t\t\t\t\t\t\t\t\t\t<\/a>\r\n\t\t\t\t\t<input type=\"hidden\" class=\"pagenum\" value=\"1\"\/>\r\n\t\t\t\t\t\t\t\t\t\t\t\t\t\t\t\t\t\t\t<a class=\"gallery_group3\" href=\"https:\/\/www.streetpepper.de\/blog\/wp-content\/uploads\/2014\/12\/k-DSC_8417.jpg\"\r\n\t\t\t\t\t   title=\"\">\r\n\t\t\t\t\t\t<img id=\"wd-cl-img22\"\r\n\t\t\t\t\t\t     alt=\"\"\r\n\t\t\t\t\t\t     src=\"https:\/\/www.streetpepper.de\/blog\/wp-content\/uploads\/2014\/12\/k-DSC_8417.jpg\"\/>\r\n\t\t\t\t\t\t\t\t\t\t\t<\/a>\r\n\t\t\t\t\t<input type=\"hidden\" class=\"pagenum\" value=\"1\"\/>\r\n\t\t\t\t\t\t\t\t\t\t\t\t\t\t\t\t\t\t\t<a class=\"gallery_group3\" href=\"https:\/\/www.streetpepper.de\/blog\/wp-content\/uploads\/2014\/12\/k-DSC_8422.jpg\"\r\n\t\t\t\t\t   title=\"\">\r\n\t\t\t\t\t\t<img id=\"wd-cl-img23\"\r\n\t\t\t\t\t\t     alt=\"\"\r\n\t\t\t\t\t\t     src=\"https:\/\/www.streetpepper.de\/blog\/wp-content\/uploads\/2014\/12\/k-DSC_8422.jpg\"\/>\r\n\t\t\t\t\t\t\t\t\t\t\t<\/a>\r\n\t\t\t\t\t<input type=\"hidden\" class=\"pagenum\" value=\"1\"\/>\r\n\t\t\t\t\t\t\t\t\t\t\t\t\t\t\t\t\t\t\t<a class=\"gallery_group3\" href=\"https:\/\/www.streetpepper.de\/blog\/wp-content\/uploads\/2014\/12\/k-DSC_8427.jpg\"\r\n\t\t\t\t\t   title=\"\">\r\n\t\t\t\t\t\t<img id=\"wd-cl-img24\"\r\n\t\t\t\t\t\t     alt=\"\"\r\n\t\t\t\t\t\t     src=\"https:\/\/www.streetpepper.de\/blog\/wp-content\/uploads\/2014\/12\/k-DSC_8427.jpg\"\/>\r\n\t\t\t\t\t\t\t\t\t\t\t<\/a>\r\n\t\t\t\t\t<input type=\"hidden\" class=\"pagenum\" value=\"1\"\/>\r\n\t\t\t\t\t\t\t\t\t\t\t\t\t\t\t\t\t\t\t<a class=\"gallery_group3\" href=\"https:\/\/www.streetpepper.de\/blog\/wp-content\/uploads\/2014\/12\/k-DSC_8433.jpg\"\r\n\t\t\t\t\t   title=\"\">\r\n\t\t\t\t\t\t<img id=\"wd-cl-img25\"\r\n\t\t\t\t\t\t     alt=\"\"\r\n\t\t\t\t\t\t     src=\"https:\/\/www.streetpepper.de\/blog\/wp-content\/uploads\/2014\/12\/k-DSC_8433.jpg\"\/>\r\n\t\t\t\t\t\t\t\t\t\t\t<\/a>\r\n\t\t\t\t\t<input type=\"hidden\" class=\"pagenum\" value=\"1\"\/>\r\n\t\t\t\t\t\t\t\t\t\t\t\t\t\t\t\t\t\t\t<a class=\"gallery_group3\" href=\"https:\/\/www.streetpepper.de\/blog\/wp-content\/uploads\/2014\/12\/k-DSC_8447.jpg\"\r\n\t\t\t\t\t   title=\"\">\r\n\t\t\t\t\t\t<img id=\"wd-cl-img26\"\r\n\t\t\t\t\t\t     alt=\"\"\r\n\t\t\t\t\t\t     src=\"https:\/\/www.streetpepper.de\/blog\/wp-content\/uploads\/2014\/12\/k-DSC_8447.jpg\"\/>\r\n\t\t\t\t\t\t\t\t\t\t\t<\/a>\r\n\t\t\t\t\t<input type=\"hidden\" class=\"pagenum\" value=\"1\"\/>\r\n\t\t\t\t\t\t\t\t\t\t\t\t\t\t\t\t\t\t\t<a class=\"gallery_group3\" href=\"https:\/\/www.streetpepper.de\/blog\/wp-content\/uploads\/2014\/12\/k-DSC_8454.jpg\"\r\n\t\t\t\t\t   title=\"\">\r\n\t\t\t\t\t\t<img id=\"wd-cl-img27\"\r\n\t\t\t\t\t\t     alt=\"\"\r\n\t\t\t\t\t\t     src=\"https:\/\/www.streetpepper.de\/blog\/wp-content\/uploads\/2014\/12\/k-DSC_8454.jpg\"\/>\r\n\t\t\t\t\t\t\t\t\t\t\t<\/a>\r\n\t\t\t\t\t<input type=\"hidden\" class=\"pagenum\" value=\"1\"\/>\r\n\t\t\t\t\t\t\t\t\t\t\t\t\t\t\t\t\t\t\t<a class=\"gallery_group3\" href=\"https:\/\/www.streetpepper.de\/blog\/wp-content\/uploads\/2014\/12\/k-DSC_8459.jpg\"\r\n\t\t\t\t\t   title=\"\">\r\n\t\t\t\t\t\t<img id=\"wd-cl-img28\"\r\n\t\t\t\t\t\t     alt=\"\"\r\n\t\t\t\t\t\t     src=\"https:\/\/www.streetpepper.de\/blog\/wp-content\/uploads\/2014\/12\/k-DSC_8459.jpg\"\/>\r\n\t\t\t\t\t\t\t\t\t\t\t<\/a>\r\n\t\t\t\t\t<input type=\"hidden\" class=\"pagenum\" value=\"1\"\/>\r\n\t\t\t\t\t\t\t\t\t\t<\/div>\r\n\t<\/div>\r\n<style>\r\n.justified-gallery {\r\n    width: 100%;\r\n    position: relative;\r\n}\r\n.justified-gallery a{\r\n    border:none;\r\n}\r\n.justified-gallery > a,\r\n.justified-gallery > div {\r\n    position: absolute;\r\n    display: inline-block;\r\n    opacity: 0;\r\n    overflow:hidden;\r\n    filter: alpha(opacity=0);\r\n    \/* IE8 or Earlier *\/\r\n}\r\n.justified-gallery > a > img,\r\n.justified-gallery > div > img {\r\n    position: absolute;\r\n    top: 50%;\r\n    left: 50%;\r\n    padding: 0;\r\n}\r\n.justified-gallery > a > .caption,\r\n.justified-gallery > div > .caption {\r\n    display: none;\r\n    position: absolute;\r\n    bottom: 0;\r\n    padding: 5px;\r\n    left: 0;\r\n    right: 0;\r\n    margin: 0;\r\n    color: #3AD6FC;\r\n    font-size: 13px;\r\n    font-weight: 300;\r\n    font-family: sans-serif;\r\n\/\/margin-left: px;\r\n    background:rgba(255,28,28,0.9)  !important;\r\n    overflow: hidden;\r\n    text-overflow: ellipsis;\r\n    white-space:nowrap;\r\n}\r\n.justified-gallery > a > .caption.caption-visible,\r\n.justified-gallery > div > .caption.caption-visible {\r\n    display: initial;\r\n    filter: \"alpha(opacity=70)\";\r\n    \/* IE8 or Earlier *\/\r\n    -webkit-animation: justified-gallery-show-caption-animation 500ms 0 ease;\r\n    -moz-animation: justified-gallery-show-caption-animation 500ms 0 ease;\r\n    -ms-animation: justified-gallery-show-caption-animation 500ms 0 ease;\r\n}\r\n.justified-gallery > .entry-visible {\r\n    opacity: 1.0;\r\n    filter: alpha(opacity=100);\r\n    \/* IE8 or Earlier *\/\r\n    -webkit-animation: justified-gallery-show-entry-animation 300ms 0 ease;\r\n    -moz-animation: justified-gallery-show-entry-animation 300ms 0 ease;\r\n    -ms-animation: justified-gallery-show-entry-animation 300ms 0 ease;\r\n}\r\n.justified-gallery > .spinner {\r\n    position: absolute;\r\n    bottom: 0;\r\n    margin-left: -24px;\r\n    padding: 10px 0 10px 0;\r\n    left: 50%;\r\n    opacity: initial;\r\n    filter: initial;\r\n    overflow: initial;\r\n}\r\n.justified-gallery > .spinner > span {\r\n    display: inline-block;\r\n    opacity: 0;\r\n    filter: alpha(opacity=0);\r\n    \/* IE8 or Earlier *\/\r\n    width: 8px;\r\n    height: 8px;\r\n    margin: 0 4px 0 4px;\r\n    background-color: #000;\r\n    border-top-left-radius: 6px;\r\n    border-top-right-radius: 6px;\r\n    border-bottom-right-radius: 6px;\r\n    border-bottom-left-radius: 6px;\r\n}\r\n.play-icon {\r\n    position:absolute;\r\n    top:0;\r\n    left:0;\r\n    width:100%;\r\n    height:100%;\r\n}\r\n.load_more2 {\r\n    margin: 10px 0;\r\n    position:relative;\r\n    text-align:center;\r\n    width:100%;\r\n}\r\n.load_more_button2 {\r\n    border-radius: 10px;\r\n    display:inline-block;\r\n    padding:5px 15px;\r\n    font-size:14px !important;;\r\n    color:#FF1C1C !important;;\r\n    background:#26A6FC !important;\r\n    cursor:pointer;\r\n}\r\n.load_more_button2:hover{\r\n    color:#FF4242 !important;\r\n    background:#0FEFFF !important;\r\n}\r\n.loading2 {\r\n    display:none;\r\n}\r\n.paginate2{\r\n    font-size:18px !important;\r\n    color:#26A6FC !important;\r\n    text-align: center;\r\n    margin-top: 25px;\r\n}\r\n.paginate2 a{\r\n    border-bottom: none !important;\r\n}\r\n.icon-style2{\r\n    font-size: 18px !important;\r\n    color:#26A6FC !important;\r\n}\r\n.clear{\r\n    clear:both;\r\n}\r\n.play-icon.youtube-icon {background:url(https:\/\/www.streetpepper.de\/blog\/wp-content\/plugins\/gallery-images\/assets\/images\/admin_images\/play.youtube.png) center center no-repeat;}\r\n.play-icon.vimeo-icon {background:url(https:\/\/www.streetpepper.de\/blog\/wp-content\/plugins\/gallery-images\/assets\/images\/admin_images\/play.vimeo.png) center center no-repeat;}\r\n<\/style>\n<p>&nbsp;<\/p>\n<p>Nachtrag: StreetYogis sind nicht die einzigen, da gibt es noch <strong><a title=\"Alte Wilde Korkm\u00e4nnchen\" href=\"https:\/\/www.flickr.com\/photos\/alte_wilde_ev\/sets\" target=\"_blank\">&#8222;Alte Wilde Korkm\u00e4nnchen&#8220;<\/a><\/strong>\u00a0und \u00a0vielleicht noch andere, die ich hier nicht erw\u00e4hnte, weil ich sie einfach noch nicht entdeckt habe? \ud83d\ude42<\/p>\n","protected":false},"excerpt":{"rendered":"<p>\u00a0 StreetYoga Story 000 Jetzt habe ich schon eine gro\u00dfe Anzahl Besucher durch Berlin gef\u00fchrt und ihnen so allerlei Geschichten erz\u00e4hlt. Aber diese hier noch nie. Das mag daran liegen, dass es eine kleine Geschichte ist, aber daf\u00fcr mit einer gro\u00dfartigen Wirkung. Und ich bin sicher, jeder der sie kennt, wird ab sofort auch die [&hellip;]<\/p>\n","protected":false},"author":2,"featured_media":0,"parent":0,"menu_order":0,"comment_status":"open","ping_status":"closed","template":"","meta":[],"_links":{"self":[{"href":"https:\/\/www.streetpepper.de\/blog\/wp-json\/wp\/v2\/pages\/183"}],"collection":[{"href":"https:\/\/www.streetpepper.de\/blog\/wp-json\/wp\/v2\/pages"}],"about":[{"href":"https:\/\/www.streetpepper.de\/blog\/wp-json\/wp\/v2\/types\/page"}],"author":[{"embeddable":true,"href":"https:\/\/www.streetpepper.de\/blog\/wp-json\/wp\/v2\/users\/2"}],"replies":[{"embeddable":true,"href":"https:\/\/www.streetpepper.de\/blog\/wp-json\/wp\/v2\/comments?post=183"}],"version-history":[{"count":27,"href":"https:\/\/www.streetpepper.de\/blog\/wp-json\/wp\/v2\/pages\/183\/revisions"}],"predecessor-version":[{"id":839,"href":"https:\/\/www.streetpepper.de\/blog\/wp-json\/wp\/v2\/pages\/183\/revisions\/839"}],"wp:attachment":[{"href":"https:\/\/www.streetpepper.de\/blog\/wp-json\/wp\/v2\/media?parent=183"}],"curies":[{"name":"wp","href":"https:\/\/api.w.org\/{rel}","templated":true}]}}